r**2 + 153*r - 5883. What is y(85)?
-103
Let r(o) = -2*o**3 - 1629*o**2 - 304675*o + 572. Determine r(-291).
-10
Let g(u) = u**3 - 21*u**2 - 25*u + 460. What is g(5)?
-65
Let t(g) = -30*g**2 - 837*g + 300. What is t(-28)?
216
Let t(o) = -2*o**2 - 30*o - 226. What is t(-19)?
-378
Let z(a) = -36322*a - 508484. Give z(-14).
24
Let z(b) = -33*b**3 + 12966*b**2 + 1176*b + 1071. What is z(393)?
-108
Let g(p) = -p**3 - 36*p**2 - 4*p + 148. Calculate g(-37).
1665
Let u(z) = z**3 + 29*z**2 + 10*z + 714. Calculate u(-30).
-486
Let y(z) = z**3 + 15*z**2 - 94*z - 717. Determine y(-9).
615
Let q(v) = 3*v**3 - 448*v**2 + 4312*v - 406. Give q(139).
11
Let d(s) = 64*s**2 - 10183*s + 1118. Determine d(159).
5
Let c(x) = -1587*x - 11239. Give c(-7).
-130
Let b(r) = 18323*r + 128217. Determine b(-7).
-44
Let b(x) = -x**3 + 56*x**2 + 988*x + 817. Determine b(70).
1377
Let b(t) = t**2 + 177529*t + 5679898. Determine b(-32).
-6
Let o(p) = 102*p**2 - 185*p - 47. What is o(2)?
-9
Let t(a) = 31*a**3 - 1211*a**2 + 215*a - 5342. Give t(39).
1
Let h(f) = 4*f**3 + 29*f**2 + 387*f + 3639. What is h(-9)?
-411
Let h(n) = n**2 - 1249*n - 14777. What is h(-12)?
355
Let k(i) = -1243*i + 4079. What is k(3)?
350
Let y(h) = h**3 + 101*h**2 + 2522*h + 82. Calculate y(-56).
-30
Let v(o) = -519*o**2 + 57608*o + 78. Determine v(111).
-33
Let j(i) = 3*i**3 - 21*i**2 - 1183*i + 12351. What is j(15)?
6
Let k(s) = -s**3 - 153*s**2 - 629*s - 72489. Calculate k(-152).
15
Let k(z) = 14*z**2 - 17*z + 16. Give k(5).
281
Let k(f) = -62*f**2 - 29523*f - 5029. Give k(-476).
207
Let z(d) = -d**3 - 555*d**2 + 2232*d - 2302. Determine z(-559).
-66
Let g(m) = -226*m - 11388. Give g(-47).
-766
Let f(c) = 4*c**3 - 17*c**2 - 2377*c - 2361. Calculate f(-1).
-5
Let o(r) = 2*r**3 - 5*r**2 + 22*r - 42. What is o(3)?
33
Let u(t) = -317*t**3 - 4441*t**2 - 84*t - 589. Calculate u(-14).
-1
Let r(q) = q**3 + 26*q**2 + 109*q - 1143. Give r(-17).
-395
Let d(l) = 5*l**3 + 466*l**2 + 59*l - 3181. Calculate d(-93).
-19
Let x(y) = 39*y**2 + 364*y + 2033. What is x(-6)?
1253
Let n(j) = -218*j + 626. What is n(3)?
-28
Let r(v) = -2*v**2 + 60501*v - 60495. Determine r(1).
4
Let y(b) = -36903*b - 147596. Determine y(-4).
16
Let j(r) = -2389*r - 62167. Calculate j(-26).
-53
Let j(y) = -18*y**3 - 104*y**2 - 21*y - 153. What is j(-6)?
117
Let w(b) = 22*b**2 + 439*b + 1863. Give w(-6).
21
Let v(n) = -163*n**3 + 2019*n**2 - 2490*n - 33. Determine v(11).
-77
Let a(y) = 23*y**3 - 526*y**2 - 69*y + 127. What is a(23)?
127
Let q(m) = -15*m + 2651. What is q(146)?
461
Let j(n) = 164*n**2 + 980*n + 2. What is j(-6)?
26
Let g(z) = -45*z**2 - 34034*z - 44538. Give g(-755).
7
Let i(n) = 127*n**2 + 39373*n + 914. Calculate i(-310).
-16
Let m(k) = -223518*k - 1117579. Determine m(-5).
11
Let s(k) = 3092*k**2 + 324661*k + 139. Calculate s(-105).
34
Let w(g) = 12286*g - 1412887. Calculate w(115).
3
Let p(g) = -22*g**2 + 599*g - 171. What is p(27)?
-36
Let j(p) = p**2 - 1605*p + 10. Give j(0).
10
Let b(i) = -2*i**3 + 225*i**2 + 579*i + 261. Give b(115).
721
Let i(p) = -137*p**2 + 2212*p - 301. Determine i(16).
19
Let w(t) = 34174*t - 19889272. Calculate w(582).
-4
Let j(g) = 10524*g - 2410010. Calculate j(229).
-14
Let i(v) = -1476*v - 15382. Determine i(-12).
2330
Let t(i) = -1315*i**2 - 56530*i + 654. Calculate t(-43).
9
Let z(v) = 533*v - 2436. Calculate z(5).
229
Let z(a) = 259*a**2 + 100751*a + 7. Calculate z(-389).
7
Let z(m) = -13*m**3 - 82*m**2 + 13*m - 23. Determine z(-7).
327
Let u(n) = -193*n**2 - 5*n - 10. Calculate u(-1).
-198
Let l(q) = -3*q**3 + 5933*q**2 + 2807*q - 1639749. What is l(1978)?
13
Let q(w) = 18231*w - 54507. Determine q(3).
186
Let c(v) = 361*v - 3773. Give c(11).
198
Let a(f) = -348*f**2 + 407506*f + 2341. What is a(1171)?
-1
Let u(v) = -10*v**2 - 19*v + 13. Give u(-4).
-71
Let v(b) = -6*b**3 - 5*b**2 + 156*b - 281. What is v(2)?
-37
Let o(z) = -46*z**3 - 5*z**2 + 3*z - 26. Calculate o(3).
-1304
Let a(m) = -m**2 + 185*m - 7234. Give a(125).
266
Let d(n) = n**3 - 188*n**2 + 3635*n + 2837. Give d(166).
15
Let t(m) = -5*m**2 + 401*m + 321941. Give t(297).
-7
Let s(p) = -p**3 + 16*p**2 - 28924*p + 433631. Give s(15).
-4
Let b(o) = 2*o**3 + 427*o**2 + 208*o - 1046. Calculate b(-213).
19
Let p(f) = 42*f**2 + 3473*f + 10447. What is p(-3)?
406
Let h(f) = -f**2 + 10734*f + 474127. Calculate h(-44).
-105
Let p(q) = 3096*q + 41080. What is p(-13)?
832
Let b(j) = -35629*j + 320650. Determine b(9).
-11
Let o(g) = -14*g**3 + 241*g**2 + 1478*g - 93. Determine o(22).
-5
Let p(n) = 177*n + 8617. Calculate p(-43).
1006
Let o(b) = -298*b - 31034. Give o(-101).
-936
Let x(f) = -4*f**2 + 2141*f - 12828. Calculate x(6).
-126
Let w(v) = -5373*v + 48015. Give w(9).
-342
Let m(i) = -i**3 + 25*i**2 + 101*i - 3760. Calculate m(15).
5
Let a(o) = 2022*o + 1043454. Calculate a(-516).
102
Let i(j) = -j**2 - 1688*j + 234391. What is i(129)?
-2
Let i(w) = 4685*w - 1185285. Determine i(253).
20
Let l(z) = 62*z**2 - 4184*z - 8381. Give l(-2).
235
Let j(s) = -25949*s**2 + 363282*s + 43. What is j(14)?
-13
Let o(b) = -6178*b**2 + 6210*b - 25. What is o(1)?
7
Let q(p) = 9447*p + 84484. Give q(-9).
-539
Let q(b) = 32765*b + 98678. Calculate q(-3).
383
Let p(c) = 5*c**3 - 20*c**2 + c - 24. Give p(6).
342
Let b(t) = 525*t**2 - 43*t - 57. Give b(-2).
2129
Let s(a) = -219303*a - 11403779. Give s(-52).
-23
Let j(f) = 3*f**2 - 100*f + 1313. Calculate j(34).
1381
Let l(b) = 27959*b - 1509791. What is l(54)?
-5
Let m(j) = 4*j**2 + 273*j + 43. Determine m(-68).
-25
Let n(w) = 23*w**2 - 1677*w + 1447. What is n(72)?
-65
Let g(c) = -40*c**2 + 4039*c - 3919. Give g(100).
-19
Let n(z) = 679543*z + 2718184. Calculate n(-4).
12
Let r(o) = 3*o**3 + 10*o**2 - 167*o + 4. What is r(6)?
10
Let f(m) = 119955*m - 240077. Calculate f(2).
-167
Let k(a) = -a**3 + 337*a**2 - 120*a - 217. Give k(1).
-1
Let d(f) = -89*f**2 + 3159*f + 3181. Determine d(-1).
-67
Let n(b) = b**2 + 1085*b - 562251. What is n(383)?
-7
Let x(y) = 15*y**2 + 24298*y + 24298. What is x(-1)?
15
Let r(k) = 44*k**2 - 748*k - 2655. Give r(20).
-15
Let s(j) = 28*j**2 + 582*j - 154. Give s(-21).
-28
Let a(h) = -h**3 + 57*h**2 - 53*h + 6744. Determine a(58).
306
Let s(q) = -2*q**2 + 230*q - 2141. Determine s(10).
-41
Let w(a) = -2*a**3 + 397*a**2 + 11270*a - 2270668. Calculate w(198).
-4
Let d(h) = -19*h**2 + 371*h + 591. Calculate d(21).
3
Let r(t) = 13730*t + 68681. Calculate r(-5).
31
Let o(d) = 1111*d - 25539. Give o(23).
14
Let f(h) = 9*h**3 + 8*h**2 - 17*h + 18. Determine f(3).
282
Let i(u) = u**3 - 121*u**2 - 1398*u + 609. Calculate i(-11).
15
Let i(h) = -3*h**3 + 376*h**2 + 262*h - 1274. What is i(126)?
-14
Let u(h) = -323*h + 1415. What is u(2)?
769
Let q(w) = w**3 + 39*w**2 - 936*w - 974. Determine q(-1).
0
Let i(h) = 720*h**2 - 1747*h + 612. Give i(2).
-2
Let b(w) = -12021*w + 2416238. Give b(201).
17
Let t(y) = 38*y - 319. Give t(6).
-91
Let x(d) = -2*d**3 - 58*d**2 - 345*d + 94. What is x(-6)?
508
Let m(k) = 71*k**2 + 107*k + 16. Give m(-3).
334
Let i(z) = z**3 + 12*z**2 + 2187*z + 23925. Give i(-11).
-11
Let w(o) = 109*o**2 - 31827*o - 302. Determine w(292).
-10
Let o(f) = 2*f**2 + 75*f + 283. Give o(-13).
-354
Let i(d) = 84*d**2 - 692*d + 25. Calculate i(7).
-703
Let s(l) = -2*l**2 + 380*l - 9370. Calculate s(162).
-298
Let c(w) = 2*w**3 + 50*w**2 + 31*w + 60. What is c(-25)?
-715
Let s(w) = w**3 + 35*w**2 + 291*w + 155. Calculate s(-24).
-493
Let s(b) = -b**3 - 273*b**2 - 14731*b - 1008. What is s(-199)?
-13
Let y(m) = -10468*m + 711802. Give y(68).
-22
Let q(u) = 1937*u + 571413. Calculate q(-295).
-2
Let u(p) = -22693*p - 726188. Determine u(-32).
-12
Let n(m) = -m**2 + 203*m - 5024. Give n(27).
-272
Let l(q) = -q**3 + 9*q**2 - 7970*q + 47695. What is l(6)?
-17
Let s(w) = -249*w + 3456. Give s(13).
219
Let d(f) = -5*f**2 - 152*f - 419. Calculate d(-3).
-8
Let f(x) = 154360*x + 10959533. What is f(-71)?
-27
Let j(u) = -3*u**3 - 157*u**2 + 267*u + 79. What is j(-54)?
241
Let d(x) = -2*x**2 - 136*x + 5301. What is d(28)?
-75
Let l(h) = -10*h**2 - 144*h - 418. Determine l(-10).
22
Let y(x) = x**3 + 89*x**2 - 5679*x + 133. What is y(43)?
4
Let c(i) = -1665*i**2 - 111552*i + 198. Determine c(-67).
-3
Let c(q) = -86683*q - 12222309. Give c(-141).
-6
Let o(y) = -y**3 - 100*y**2 - 852*y - 18773